{"id":9743,"date":"2025-04-08T12:49:27","date_gmt":"2025-04-08T12:49:27","guid":{"rendered":"https:\/\/www.drykst.lt\/?post_type=product&#038;p=9743"},"modified":"2026-05-11T07:48:28","modified_gmt":"2026-05-11T07:48:28","slug":"jonavos-diskgolfo-klubo-double-bogey-ziemine-kepure-su-pirmu-klubo-logotipu","status":"publish","type":"product","link":"https:\/\/www.drykst.lt\/index.php\/produktas\/jonavos-diskgolfo-klubo-double-bogey-ziemine-kepure-su-pirmu-klubo-logotipu\/","title":{"rendered":"Jonavos diskgolfo klubo \u201eDouble Bogey\u201d \u017eiemin\u0117 kepur\u0117 su pirmu klubo logotipu"},"content":{"rendered":"<div id=\"tab-description\" class=\"woocommerce-Tabs-panel woocommerce-Tabs-panel--description panel entry-content wc-tab\" role=\"tabpanel\" aria-labelledby=\"tab-title-description\">\n<h4>\u00a0Jonavos diskgolfo klubo \u201eDouble Bogey\u201d \u017eiemin\u0117 kepur\u0117 su pirmu klubo logotipu<\/h4>\n<h3 class=\"\" data-start=\"68\" data-end=\"87\">Unisex kepur\u0117<\/h3>\n<p class=\"\" data-start=\"88\" data-end=\"116\"><strong data-start=\"88\" data-end=\"98\">Dydis:<\/strong> universalus<\/p>\n<ul data-start=\"118\" data-end=\"174\">\n<li class=\"\" data-start=\"118\" data-end=\"157\">\n<p class=\"\" data-start=\"120\" data-end=\"157\">Tampri med\u017eiaga, 100 % poliakrilas<\/p>\n<\/li>\n<li class=\"\" data-start=\"158\" data-end=\"174\">\n<p class=\"\" data-start=\"160\" data-end=\"174\">Svoris: 66 g<\/p>\n<\/li>\n<\/ul>\n<hr class=\"\" data-start=\"176\" data-end=\"179\" \/>\n<h3 class=\"\" data-start=\"181\" data-end=\"195\">Ypatyb\u0117s<\/h3>\n<ul data-start=\"196\" data-end=\"317\">\n<li class=\"\" data-start=\"196\" data-end=\"229\">\n<p class=\"\" data-start=\"198\" data-end=\"229\">Dvigubas 1:1 tamprus mezgimas<\/p>\n<\/li>\n<li class=\"\" data-start=\"230\" data-end=\"260\">\n<p class=\"\" data-start=\"232\" data-end=\"260\">\u0160ilum\u0105 sulaikantis audinys<\/p>\n<\/li>\n<li class=\"\" data-start=\"287\" data-end=\"317\">\n<p class=\"\" data-start=\"289\" data-end=\"317\">Apa\u010dia u\u017elenkta, 7 cm plo\u010dio<\/p>\n<\/li>\n<\/ul>\n<p>&nbsp;<\/p>\n<p><em>D\u0117l individuali\u0173 dizain\u0173 mielai laukiame j\u016bs\u0173 u\u017eklaus\u0173:<\/em><br \/>\ntelefonu +37067480523<br \/>\nel. pa\u0161tu info@drykst.lt<br \/>\nFacebook \u2013 <a href=\"https:\/\/www.facebook.com\/drykst.lt\">https:\/\/www.facebook.com\/drykst.lt<\/a> \ud83d\ude42<\/p>\n<\/div>\n","protected":false},"excerpt":{"rendered":"<p>\u00a0Jonavos diskgolfo klubo \u201eDouble Bogey\u201d \u017eiemin\u0117 kepur\u0117 su pirmu klubo logotipu Unisex kepur\u0117 Dydis: universalus Tampri med\u017eiaga, 100 % poliakrilas Svoris: 66 g Ypatyb\u0117s Dvigubas 1:1 tamprus mezgimas \u0160ilum\u0105 sulaikantis audinys Apa\u010dia u\u017elenkta, 7 cm plo\u010dio &nbsp; D\u0117l individuali\u0173 dizain\u0173 mielai laukiame j\u016bs\u0173 u\u017eklaus\u0173: telefonu +37067480523 el. pa\u0161tu info@drykst.lt Facebook \u2013 https:\/\/www.facebook.com\/drykst.lt \ud83d\ude42<\/p>\n","protected":false},"featured_media":9731,"comment_status":"open","ping_status":"closed","template":"","meta":{"site-sidebar-layout":"default","site-content-layout":"default","ast-site-content-layout":"default","site-content-style":"default","site-sidebar-style":"default","ast-global-header-display":"","ast-banner-title-visibility":"","ast-main-header-display":"","ast-hfb-above-header-display":"","ast-hfb-below-header-display":"","ast-hfb-mobile-header-display":"","site-post-title":"","ast-breadcrumbs-content":"","ast-featured-img":"","footer-sml-layout":"","theme-transparent-header-meta":"default","adv-header-id-meta":"","stick-header-meta":"","header-above-stick-meta":"","header-main-stick-meta":"","header-below-stick-meta":"","astra-migrate-meta-layouts":"set","ast-page-background-enabled":"default","ast-page-background-meta":{"desktop":{"background-color":"","background-image":"","background-repeat":"repeat","background-position":"center center","background-size":"auto","background-attachment":"scroll","background-type":"","background-media":"","overlay-type":"","overlay-color":"","overlay-opacity":"","overlay-gradient":""},"tablet":{"background-color":"","background-image":"","background-repeat":"repeat","background-position":"center center","background-size":"auto","background-attachment":"scroll","background-type":"","background-media":"","overlay-type":"","overlay-color":"","overlay-opacity":"","overlay-gradient":""},"mobile":{"background-color":"","background-image":"","background-repeat":"repeat","background-position":"center center","background-size":"auto","background-attachment":"scroll","background-type":"","background-media":"","overlay-type":"","overlay-color":"","overlay-opacity":"","overlay-gradient":""}},"ast-content-background-meta":{"desktop":{"background-color":"var(--ast-global-color-5)","background-image":"","background-repeat":"repeat","background-position":"center center","background-size":"auto","background-attachment":"scroll","background-type":"","background-media":"","overlay-type":"","overlay-color":"","overlay-opacity":"","overlay-gradient":""},"tablet":{"background-color":"var(--ast-global-color-5)","background-image":"","background-repeat":"repeat","background-position":"center center","background-size":"auto","background-attachment":"scroll","background-type":"","background-media":"","overlay-type":"","overlay-color":"","overlay-opacity":"","overlay-gradient":""},"mobile":{"background-color":"var(--ast-global-color-5)","background-image":"","background-repeat":"repeat","background-position":"center center","background-size":"auto","background-attachment":"scroll","background-type":"","background-media":"","overlay-type":"","overlay-color":"","overlay-opacity":"","overlay-gradient":""}}},"product_brand":[],"product_cat":[216,50],"product_tag":[],"class_list":{"0":"post-9743","1":"product","2":"type-product","3":"status-publish","4":"has-post-thumbnail","6":"product_cat-double-bogey-klubas","7":"product_cat-kiti-produktai","8":"desktop-align-left","9":"tablet-align-left","10":"mobile-align-left","12":"first","13":"onbackorder","14":"taxable","15":"shipping-taxable","16":"purchasable","17":"product-type-simple"},"aioseo_notices":[],"_links":{"self":[{"href":"https:\/\/www.drykst.lt\/index.php\/wp-json\/wp\/v2\/product\/9743","targetHints":{"allow":["GET"]}}],"collection":[{"href":"https:\/\/www.drykst.lt\/index.php\/wp-json\/wp\/v2\/product"}],"about":[{"href":"https:\/\/www.drykst.lt\/index.php\/wp-json\/wp\/v2\/types\/product"}],"replies":[{"embeddable":true,"href":"https:\/\/www.drykst.lt\/index.php\/wp-json\/wp\/v2\/comments?post=9743"}],"wp:featuredmedia":[{"embeddable":true,"href":"https:\/\/www.drykst.lt\/index.php\/wp-json\/wp\/v2\/media\/9731"}],"wp:attachment":[{"href":"https:\/\/www.drykst.lt\/index.php\/wp-json\/wp\/v2\/media?parent=9743"}],"wp:term":[{"taxonomy":"product_brand","embeddable":true,"href":"https:\/\/www.drykst.lt\/index.php\/wp-json\/wp\/v2\/product_brand?post=9743"},{"taxonomy":"product_cat","embeddable":true,"href":"https:\/\/www.drykst.lt\/index.php\/wp-json\/wp\/v2\/product_cat?post=9743"},{"taxonomy":"product_tag","embeddable":true,"href":"https:\/\/www.drykst.lt\/index.php\/wp-json\/wp\/v2\/product_tag?post=9743"}],"curies":[{"name":"wp","href":"https:\/\/api.w.org\/{rel}","templated":true}]}}